ds digit of 4258341?
3
What is the units digit of 425196?
6
What is the hundreds digit of 274695?
6
What is the hundreds digit of 1066667?
6
What is the hundred thousands digit of 428315?
4
What is the hundreds digit of 144566?
5
What is the hundreds digit of 196323?
3
What is the hundreds digit of 1829681?
6
What is the ten thousands digit of 4279561?
7
What is the hundreds digit of 59333?
3
What is the hundreds digit of 7963153?
1
What is the thousands digit of 3496551?
6
What is the hundred thousands digit of 2573443?
5
What is the hundred thousands digit of 522068?
5
What is the ten thousands digit of 314572?
1
What is the thousands digit of 146873?
6
What is the tens digit of 659780?
8
What is the thousands digit of 8227993?
7
What is the hundred thousands digit of 2502235?
5
What is the thousands digit of 261548?
1
What is the thousands digit of 1092681?
2
What is the hundred thousands digit of 1004023?
0
What is the units digit of 10379760?
0
What is the millions digit of 1482045?
1
What is the thousands digit of 172612?
2
What is the tens digit of 1366496?
9
What is the hundred thousands digit of 533725?
5
What is the millions digit of 13964676?
3
What is the hundreds digit of 1980644?
6
What is the tens digit of 582492?
9
What is the hundreds digit of 2948427?
4
What is the hundred thousands digit of 5460405?
4
What is the tens digit of 1609231?
3
What is the units digit of 16460655?
5
What is the thousands digit of 6024678?
4
What is the thousands digit of 435459?
5
What is the millions digit of 2360158?
2
What is the hundreds digit of 333342?
3
What is the tens digit of 901620?
2
What is the hundreds digit of 1026570?
5
What is the units digit of 198111?
1
What is the ten thousands digit of 923524?
2
What is the millions digit of 32001540?
2
What is the thousands digit of 940628?
0
What is the tens digit of 331633?
3
What is the thousands digit of 255576?
5
What is the ten thousands digit of 1739204?
3
What is the units digit of 25880979?
9
What is the tens digit of 223143?
4
What is the ten thousands digit of 32440463?
4
What is the units digit of 109010?
0
What is the hundreds digit of 9456211?
2
What is the millions digit of 8806275?
8
What is the hundreds digit of 881523?
5
What is the tens digit of 6142351?
5
What is the tens digit of 983025?
2
What is the millions digit of 1603645?
1
What is the hundred thousands digit of 593223?
5
What is the ten thousands digit of 5048375?
4
What is the hundreds digit of 47691?
6
What is the units digit of 301354?
4
What is the units digit of 1504735?
5
What is the millions digit of 1822115?
1
What is the thousands digit of 114009?
4
What is the millions digit of 1091111?
1
What is the millions digit of 5808641?
5
What is the hundreds digit of 2889986?
9
What is the thousands digit of 3131377?
1
What is the millions digit of 3949944?
3
What is the millions digit of 2718368?
2
What is the units digit of 157811?
1
What is the ten thousands digit of 333959?
3
What is the tens digit of 631737?
3
What is the hundreds digit of 1526888?
8
What is the hundred thousands digit of 2120502?
1
What is the thousands digit of 662776?
2
What is the hundreds digit of 4382106?
1
What is the ten thousands digit of 3737566?
3
What is the thousands digit of 2271612?
1
What is the units digit of 941711?
1
What is the hundreds digit of 73237?
2
What is the hundred thousands digit of 305268?
3
What is the thousands digit of 8068328?
8
What is the ten thousands digit of 3191124?
9
What is the units digit of 2734?
4
What is the hundreds digit of 29488?
4
What is the ten thousands digit of 889955?
8
What is the tens digit of 453787?
8
What is the thousands digit of 1701584?
1
What is the thousands digit of 1632053?
2
What is the thousands digit of 352085?
2
What is the hundreds digit of 14578206?
2
What is the units digit of 662211?
1
What is the thousands digit of 11465262?
5
What is the millions digit of 6678175?
6
What is the millions digit of 7211723?
7
What is the units digit of 737483?
3
What is the tens digit of 908525?
2
What is the units digit of 10743426?
6
What is the millions digit of 5399571?
5
What is the hundreds digit of 348821?
8
What is the hundred thousands digit of 259677?
2
What is the units digit of 4817605?
5
What is the millions digit of 24894067?
4
What is the hundreds digit of 2446304?
3
What is the thousands digit of 6329284?
9
What is the tens digit of 7567309?
0
What is the units digit of 8450?
0
What is the hundreds digit of 151466?
4
What is the units digit of 226466?
6
What is the hundred thousands digit of 212559?
2
What is the ten thousands digit of 9762278?
6
What is the ten thousands digit of 1285621?
8
What is the hundred thousands digit of 1198850?
1
What is the tens digit of 152502?
0
What is the hundred thousands digit of 4888228?
8
What is the hundred thousands digit of 267442?
2
What is the thousands digit of 624556?
4
What is the units digit of 8789374?
4
What is the ten thousands digit of 218016?
1
What is the tens digit of 8412336?
3
What is the units digit of 13201593?
3
What is the millions digit of 4432672?
4
What is the hundreds digit of 233715?
7
What is the hundreds digit of 6828427?
4
What is the units digit of 4306398?
8
What is the tens digit of 930496?
9
What is the units digit of 1318476?
6
What is the units digit of 5167097?
7
What is the units digit of 25078182?
2
What is the tens digit of 499312?
1
What is the hundreds digit of 822118?
1
What is the thousands digit of 265019?
5
What is the tens digit of 33115?
1
What is the thousands digit of 1524319?
4
What is the tens digit of 2152585?
8
What is the tens digit of 2287251?
5
What is the thousands digit of 16295493?
5
What is the tens digit of 3022182?
8
What is the units digit of 993051?
1
What is the tens digit of 595576?
7
What is the units digit of 1699506?
6
What is the ten millions digit of 14807014?
1
What is the ten thousands digit of 2277434?
7
What is the hundred thousands digit of 241077?
2
What is the units digit of 3751050?
0
What is the millions digit of 11066406?
1
What is the tens digit of 3768876?
7
What is the ten millions digit of 18717391?
1
What is the ten thousands digit of 161139?
6
What is the millions digit of 1743696?
1
What is the hundreds digit of 4712600?
6
What is the tens digit of 6039375?
7
What is the units digit of 59198?
8
What is the hundred thousands digit of 116059?
1
What is the ten millions digit of 16260412?
1
What is the tens digit of 13306137?
3
What is the thousands digit of 11212543?
2
What is the hundred thousands digit of 761595?
7
What is the units digit of 2146442?
2
What is the ten thousands digit of 1490277?
9
What is the thousands digit of 20171681?
1
What is the tens digit of 1026888?
8
What is the hundred thousands digit of 218069?
2
What is the thousands digit of 2162228?
2
What is the tens digit of 316367?
6
What is the ten millions digit of 12103777?
1
What is the hundred thousands digit of 406759?
4
What is the hundred thousands digit of 5356159?
3
What is the hundreds digit of 688171?
1
What is the tens digit of 105808?
0
What is the ten thousands digit of 8976154?
7
What is the thousands digit of 287113?
7
What is the units digit of 482616?
6
What is the thousands digit of 1527270?
7
What is the thousands digit of 3190010?
0
What is the thousands digit of 18213837?
3
What is the tens digit of 1116730?
3
What is the ten thousands digit of 10322607?
2
What is the thousands digit of 5226948?
6
What is the ten thousands digit of 315038?
1
What is the hundreds digit of 173350?
3
What is the tens digit of 3763595?
9
What is the hundreds digit of 3426504?
5
What is the tens digit of 6702215?
1
What is the units digit of 9907338?
8
What is the millions digit of 3999749?
3
What is the thousands digit of 6541217?
1
What is the units digit of 452370?
0
What is the hundreds digit of 83798?
7
What is the hundreds digit of 802557?
5
What is the ten thousands digit of 29564506?
6
What is the thousands digit of 326657?
6
What is the units digit of 248529?
9
What is the hundred thousands digit of 175164?
1
What is the tens digit of 891003?
0
What is the hundreds digit of 22373029?
0
What is the thousands digit of 1430988?
0
What is the thousands digit of 263811?
